-0*f + 9. What are the prime factors of v(d)?
29
List the prime factors of (10 + 32)*((-9)/2)/(-1).
3, 7
Let q(r) = -4*r**3 - 3*r**2 + 4. Let b be q(-2). Suppose -5*a + 1285 = -5*f, a - 251 = -5*f + b. What are the prime factors of a?
2, 5, 13
Suppose 4*o = -l, -3*l = -5*o + 2*l. Suppose r = n - 83, o = -3*n - 5*r + 188 + 93. What are the prime factors of n?
3, 29
Suppose -736 = -f - 3*f. What are the prime factors of f?
2, 23
Let t(o) = -o**2 + 8*o - 9. Let u be t(7). Let i(h) = h - 3*h**3 - 2*h + 5*h**3 + 2*h**2 - 4*h**3. List the prime factors of i(u).
2, 13
Suppose 5*l - 4*v = -1030, -2*l - l = -4*v + 610. Let p = l + 299. What are the prime factors of p?
89
Let q be 2 + 21 - 0 - 0. Let g = 25 - q. Suppose 4 = 2*y - 2*l, g*y + 4*l = l + 4. List the prime factors of y.
2
Suppose 0 = 3*f - 5*u - 1464, 4*f = 2*f - 4*u + 976. List the prime factors of f.
2, 61
Let z = 3 - -1. Suppose 66 = 7*p - z*p. Suppose -p*a + 138 = -19*a. List the prime factors of a.
2, 23
Let i be (-1 - 1) + 175/7 - 4. Let l(n) = 5*n - 46. List the prime factors of l(i).
7
Suppose -y + 496 = w, 4*y + 20 = -0*y. List the prime factors of w.
3, 167
Let o = 374 + -251. Let c = -33 + o. List the prime factors of c.
2, 3, 5
Let x(q) = 2345*q**3 + 11*q**2 - 14*q + 4. What are the prime factors of x(1)?
2, 3, 17, 23
Suppose 10*b - 4*a = 5*b + 47, -3*b + 24 = -a. Let s(l) = 3*l**2 - 7*l + 16. List the prime factors of s(b).
2, 3, 19
Suppose -7*s + 3*w - 384 = -11*s, 2*s = -w + 194. List the prime factors of s.
3, 11
Suppose -1499 + 18593 = 21*c. What are the prime factors of c?
2, 11, 37
Suppose -9*m + 49 = 13. Suppose m*z - 61 = -2*d - z, 5*z = 25. List the prime factors of d.
2, 3
Suppose -x = -3*x + 4, 5*x = 4*v + 418. What are the prime factors of v/(-10) + (-18)/90?
2, 5
Let z(i) = -i**2 + 8*i - 7. Let o be z(5). Suppose o = 5*h - 27. List the prime factors of 16/6*(2 + h).
2, 3
Let z(y) = -35*y + 44. What are the prime factors of z(-2)?
2, 3, 19
Let p(o) = 2*o**2 - 11*o + 5. Let t be p(5). Suppose 5*s + 2*y = 410 - 11, -y + 2 = t. List the prime factors of s.
79
Let t(o) = 19*o - 43. Let s be 1/(9/138) + 1/(-3). List the prime factors of t(s).
2, 11
Suppose 0 = 16*w - 13493 - 9819. List the prime factors of w.
31, 47
Let j(h) be the second derivative of -h**5/24 + h**4/24 + 4*h**3/3 - 6*h. Let l(x) be the second derivative of j(x). What are the prime factors of l(-5)?
2, 13
Let j = 93 - 81. Suppose g - 10*w - j = -11*w, -16 = -3*g + w. List the prime factors of g.
7
Let h = -118 - -121. Suppose a - h*a - 3*q + 323 = 0, 5*a - 3*q = 860. What are the prime factors of a?
13
Suppose -2*p = 3*n - 579, -18*n = -14*n - 4. List the prime factors of p.
2, 3
Suppose -60*g + 21708 = -51*g. List the prime factors of g.
2, 3, 67
Suppose -4*z + 286 = 82. Suppose -45 = -2*p + z. Suppose -104 = -4*i + p. List the prime factors of i.
2, 19
Suppose 5*l - 70 = -5*v, -4 - 2 = -v + l. Let z(x) = -2*x**2 + 8*x + 20. Let o be z(6). What are the prime factors of 189/15 - o/v?
13
Let y = -26 - -27. Let c(q) = 71*q - 3. Let p be c(y). Let h = -27 + p. List the prime factors of h.
41
Suppose -3*o - 320 = 2*o. Let h be (o/(-40))/(1/10). Let f(v) = v**2 - 13*v - 16. What are the prime factors of f(h)?
2
Suppose 7 = 2*t + 45. Let d = -9 - t. List the prime factors of d.
2, 5
Let j(m) = -7*m**2 - 2. Let p(d) = -4*d**2 - 1. Let o(w) = 3*j(w) - 5*p(w). Let r be o(-3). List the prime factors of (-16)/(-10)*r/(-2).
2
Let d(r) = r**3 + 36*r**2 + 20*r + 2. List the prime factors of d(-33).
2609
Let i be 946/8*(-6 + 2). Let t = -213 - i. What are the prime factors of t?
2, 5, 13
Suppose 219 + 42 = -3*z. Let i = z - -157. Suppose -6*y = -y - i. What are the prime factors of y?
2, 7
Let v = 1668 - 175. What are the prime factors of v?
1493
Let u be (5/(-10))/((-3)/780). List the prime factors of 6610/u - (-2)/13.
3, 17
Let a = 516 + -364. List the prime factors of a.
2, 19
Let l(c) = 2*c**3 - 2*c**2 + 7*c - 9. Let o be l(-9). Let u be 1/4 - o/16. What are the prime factors of 3 - u*3/(-6)?
2, 7
Suppose 154*x - 129*x = 18400. List the prime factors of x.
2, 23
What are the prime factors of -2 + 6 + -34*685/(-10)?
2333
Suppose -4 = -4*u + 4. Let b = 169 + -165. Suppose m - b*d = 12, u*d - 17 - 67 = -4*m. What are the prime factors of m?
2, 5
Let y = -10 + 6. Let j = y + 4. Suppose 52 = 2*b - j*b. List the prime factors of b.
2, 13
Let n = -74 - -108. Let f be (-2)/(-18) - 34/(-18). Suppose o = f*o - 4*j - 35, -3*j = -o + n. List the prime factors of o.
31
Let r(v) = v**2 + 6*v - 26. Let t = 99 - 87. List the prime factors of r(t).
2, 5, 19
Suppose 9*a - 7*a = 182. Let z = a + -81. List the prime factors of z.
2, 5
Let j = -11 - -11. Let k be 9 + -12 - (-12 + j). List the prime factors of (k/(-2))/((-3)/12).
2, 3
Let a(b) = 2*b + 52. Let l be a(-25). What are the prime factors of ((-4553)/(-58))/(1/l)?
157
Let l(n) = -n + 2. Let q be l(2). Suppose 5*u = -25, q = -3*t - 4*u + 2*u + 182. What are the prime factors of t?
2
Let f(o) = o**3 + 19*o**2 + 4*o + 27. Let g be f(-19). Let c = -38 - g. What are the prime factors of c?
11
Let g be ((-8)/10)/((-8)/360). Suppose 0 = o + 5*a - 27 - g, -4*o - a = -195. What are the prime factors of o?
2, 3
Let h(s) be the second derivative of s**5/20 - s**4/6 - 5*s**3/6 + 3*s**2/2 + s. Suppose 0*k - 20 = -5*k. What are the prime factors of h(k)?
3, 5
Suppose -104 = -11*s + 6*s + 2*k, 0 = -3*s + 4*k + 68. What are the prime factors of s/50*4605/6?
307
Let z(o) = -o + 12. Let u be z(-9). Let i = -18 + u. Suppose f + i*s - 22 = 37, f = s + 39. List the prime factors of f.
2, 11
Suppose w + 13 = 3*x, -8*w = -4*w + 2*x - 18. Suppose w*g = j + 3*j + 116, 5*j = 4*g - 244. List the prime factors of g*(3 - 2)/3.
2, 11
Suppose 4*a + 5 = 3*a. Let c(t) = -t**3 - 7*t**2 - 7*t + 19. Let l be c(-5). Let y = l - a. What are the prime factors of y?
3
Let f be ((-3)/6)/(13/(-468)). List the prime factors of f*10/15*(20 + -2).
2, 3
Suppose 3*s - 6 = 2*s. Suppose 362 = -4*q + s*q. List the prime factors of q.
181
Let q(d) = 3*d**2 - 16*d + 9. Let i = 1 + 6. List the prime factors of q(i).
2, 11
Suppose -4*z + 10656 = 14*z. List the prime factors of z.
2, 37
Let c be 20/(-50) - 307/(-5). Suppose -c = -3*y + 101. What are the prime factors of y?
2, 3
Suppose -3*p - 441 + 8085 = -3*d, -5*d - 2528 = -p. What are the prime factors of p?
3, 23, 37
Let s(l) = -2*l + 4*l - l + 8. Suppose 5*h + 10 = 0, -q + 12*h + 6 = 15*h. What are the prime factors of s(q)?
2, 5
What are the prime factors of (8950/175)/((-2)/(-14))?
2, 179
Let r be 2 - -4 - (-3 - -5). Suppose 0 = -2*q - r*u + 99 + 39, -226 = -4*q + 2*u. Let d = -29 + q. List the prime factors of d.
2, 3, 5
Let o(x) = 53*x + 158. List the prime factors of o(13).
7, 11
Let d = -11 + 5. Let u be (105/d)/7*-2. Suppose -u*t + 0*l + 155 = -3*l, 0 = -5*l. What are the prime factors of t?
31
Suppose 4*d + 4*s - 12 = 0, -3*s - 22 = -5*d - s. Let k be 6/15*2740/d. Suppose -5*w + k = -c, 138 = 3*w + 4*c - 31. List the prime factors of w.
5, 11
Suppose -37 - 194 = -3*n. What are the prime factors of 8*(27/(-6))/(-9) + n?
3
Let x = -2030 + 5948. List the prime factors of x.
2, 3, 653
Suppose -3*c = -3*w - 42, c - 4*w = 2*c - 4. Let i = -9 + c. Suppose 0 = f + 4, 0 = -i*s - s - 5*f + 28. List the prime factors of s.
2, 3
Suppose 44 = 2*o + 16. Let n be (-4)/(-18) + o/(-63). Suppose -6*g + 38 = -2*g - 2*k, n = -5*g - 5*k + 40. List the prime factors of g.
3
Let k(w) be the second derivative of w**5/20 + 2*w**4/3 - 3*w**3/2 + 2*w**2 - 3*w. Let c be k(-9). Suppose 0 = c*g - 104 - 20. What are the prime factors of g?
31
Suppose -3*r + 300 = 5*p - r, -2*p = 4*r - 120. Suppose 0 = -n - 213 + p. What are the prime factors of 2/(-9) - 10132/n?
2, 3, 11
Let f(i) = 22*i + 234. What are the prime factors of f(46)?
2, 7, 89
Suppose -5*o + 3*k = -31, 5*o - 5*k - 17 = o. Let m(w) = 4*w**2 - 5*w + 3. Let d(j) = j**2 + j. Let a(f) = -3*d(f) + m(f). List the prime factors of a(o).
3
Let z(r) = 4*r**2 + 4*r - 20. Let b be 5*(-10)/8 + 10/40. What are the prime factors of z(b)?
2, 5
Let l = -1380 + 3014. List the prime factors of l.
2, 19, 43
Let o(j) be the second derivative of -j**5/20 - j**4/6 - j**3/3 + 6*j**2 - 30*j + 1. List the prime factors of o(-6).
2, 3, 7
Let l be -4*16/(0 + 